{"id":9072,"date":"2022-06-02T13:17:37","date_gmt":"2022-06-02T13:17:37","guid":{"rendered":"http:\/\/terciariascapuchinasafrica.org\/?page_id=9072"},"modified":"2022-06-05T14:38:43","modified_gmt":"2022-06-05T14:38:43","slug":"nuestra-espiritualidad","status":"publish","type":"page","link":"http:\/\/terciariascapuchinasafrica.org\/index.php\/nuestra-espiritualidad\/","title":{"rendered":"Nuestra Espiritualidad"},"content":{"rendered":"\t\t<div data-elementor-type=\"wp-post\" data-elementor-id=\"9072\" class=\"elementor elementor-9072\">\n\t\t\t\t\t\t\t\t\t<section class=\"elementor-section elementor-top-section elementor-element elementor-element-2589f6c elementor-section-stretched elementor-section-boxed elementor-section-height-default elementor-section-height-default\" data-id=\"2589f6c\" data-element_type=\"section\" data-settings=\"{&quot;stretch_section&quot;:&quot;section-stretched&quot;,&quot;background_background&quot;:&quot;classic&quot;}\">\n\t\t\t\t\t\t<div class=\"elementor-container elementor-column-gap-no\">\n\t\t\t\t\t<div class=\"elementor-column elementor-col-100 elementor-top-column elementor-element elementor-element-3f5f185\" data-id=\"3f5f185\" data-element_type=\"column\">\n\t\t\t<div class=\"elementor-widget-wrap elementor-element-populated\">\n\t\t\t\t\t\t\t\t<div class=\"elementor-element elementor-element-4aa685b elementor-align-left elementor-absolute elementor-widget elementor-widget-heading\" data-id=\"4aa685b\" data-element_type=\"widget\" data-settings=\"{&quot;_position&quot;:&quot;absolute&quot;}\" data-widget_type=\"heading.default\">\n\t\t\t\t<div class=\"elementor-widget-container\">\n\t\t\t<style>\/*! elementor - v3.6.4 - 13-04-2022 *\/\n.elementor-heading-title{padding:0;margin:0;line-height:1}.elementor-widget-heading .elementor-heading-title[class*=elementor-size-]>a{color:inherit;font-size:inherit;line-height:inherit}.elementor-widget-heading .elementor-heading-title.elementor-size-small{font-size:15px}.elementor-widget-heading .elementor-heading-title.elementor-size-medium{font-size:19px}.elementor-widget-heading .elementor-heading-title.elementor-size-large{font-size:29px}.elementor-widget-heading .elementor-heading-title.elementor-size-xl{font-size:39px}.elementor-widget-heading .elementor-heading-title.elementor-size-xxl{font-size:59px}<\/style><h2 class=\"elementor-heading-title elementor-size-default\">Nuestra Espiritualidad<\/h2>\t\t<\/div>\n\t\t\t\t<\/div>\n\t\t\t\t<section class=\"elementor-section elementor-inner-section elementor-element elementor-element-45b0617 elementor-section-boxed elementor-section-height-default elementor-section-height-default\" data-id=\"45b0617\" data-element_type=\"section\">\n\t\t\t\t\t\t<div class=\"elementor-container elementor-column-gap-no\">\n\t\t\t\t\t<div class=\"elementor-column elementor-col-100 elementor-inner-column elementor-element elementor-element-51df8b3\" data-id=\"51df8b3\" data-element_type=\"column\">\n\t\t\t<div class=\"elementor-widget-wrap elementor-element-populated\">\n\t\t\t\t\t\t\t\t<div class=\"elementor-element elementor-element-201338e elementor-widget elementor-widget-text-editor\" data-id=\"201338e\" data-element_type=\"widget\" data-widget_type=\"text-editor.default\">\n\t\t\t\t<div class=\"elementor-widget-container\">\n\t\t\t<style>\/*! elementor - v3.6.4 - 13-04-2022 *\/\n.elementor-widget-text-editor.elementor-drop-cap-view-stacked .elementor-drop-cap{background-color:#818a91;color:#fff}.elementor-widget-text-editor.elementor-drop-cap-view-framed .elementor-drop-cap{color:#818a91;border:3px solid;background-color:transparent}.elementor-widget-text-editor:not(.elementor-drop-cap-view-default) .elementor-drop-cap{margin-top:8px}.elementor-widget-text-editor:not(.elementor-drop-cap-view-default) .elementor-drop-cap-letter{width:1em;height:1em}.elementor-widget-text-editor .elementor-drop-cap{float:left;text-align:center;line-height:1;font-size:50px}.elementor-widget-text-editor .elementor-drop-cap-letter{display:inline-block}<\/style>        <div class=\"elementor-text-editor elementor-clearfix\"><p>Nuestra vida tiene una clara ra\u00edz franciscana, por lo que las actitudes de pobreza, sencillez y austeridad que caracterizaron a Francisco de As\u00eds son norma para nuestra vida.<\/p><p>Adem\u00e1s, consideramos un aspecto fundamental la vida en fraternidad, desde un trato entra\u00f1able y una estrecha colaboraci\u00f3n entre las Hermanas. Este es nuestro principal distintivo, pues as\u00ed lo quiso el P. Luis Amig\u00f3 \u201c<em>todas se llamar\u00e1n Hermanas<\/em>\u201d, sin distinciones y poniendo en pr\u00e1ctica la \u201c<em>obediencia caritativa<\/em>\u201d de unas y otras.<\/p><p>Compartimos la vida y la fe en peque\u00f1as fraternidades al estilo de la Familia de Nazaret a la que tenemos como modelo y patrona, haciendo realidad en lo cotidiano el sue\u00f1o de nuestro P. Fundador: \u201dDeb\u00e9is procurar haya entre vosotras una \u00edntima uni\u00f3n pues en ello est\u00e1 el secreto de la fuerza\u201d.<\/p><p>Nuestra vida se caracteriza por la alegr\u00eda, la sencillez en nuestras relaciones, en la acogida y hospitalidad y la confianza en la providencia de Dios, actitud caracter\u00edstica de nuestro Padre Fundador.<\/p><h4>En\u00a0oraci\u00f3n ante el Se\u00f1or<\/h4><p>La vida de fe se alimenta en la Eucarist\u00eda, centro de nuestra vida personal y comunitaria, en la constante escucha de Palabra de Dios, la oraci\u00f3n lit\u00fargica, en una relaci\u00f3n personal con Jesucristo como Centro y Se\u00f1or de la Historia, que nos hace ver con mirada contemplativa nuestro mundo y estar atentas a los signos de los tiempos.<\/p><p>La figura de Mar\u00eda es central en nuestra espiritualidad e ilumina la vivencia gozosa de nuestra consagraci\u00f3n. En ella encontramos el modelo de respuesta a la llamada del Se\u00f1or.<\/p><p>\u00a0<\/p><\/div>\n        \t\t<\/div>\n\t\t\t\t<\/div>\n\t\t\t\t\t<\/div>\n\t\t<\/div>\n\t\t\t\t\t\t\t<\/div>\n\t\t<\/section>\n\t\t\t\t\t<\/div>\n\t\t<\/div>\n\t\t\t\t\t\t\t<\/div>\n\t\t<\/section>\n\t\t\t\t\t\t\t<\/div>\n\t\t","protected":false},"excerpt":{"rendered":"<p>Nuestra Espiritualidad Nuestra vida tiene una clara ra\u00edz franciscana, por lo que las actitudes de pobreza, sencillez y austeridad que caracterizaron a Francisco de As\u00eds son norma para nuestra vida. Adem\u00e1s, consideramos un aspecto fundamental la vida en fraternidad, desde un trato entra\u00f1able y una estrecha colaboraci\u00f3n entre las Hermanas. Este es nuestro principal distintivo, [&hellip;]<\/p>\n","protected":false},"author":1,"featured_media":0,"parent":0,"menu_order":0,"comment_status":"closed","ping_status":"closed","template":"page-elementor.php","meta":{"om_disable_all_campaigns":false,"inline_featured_image":false,"_monsterinsights_skip_tracking":false,"_monsterinsights_sitenote_active":false,"_monsterinsights_sitenote_note":"","_monsterinsights_sitenote_category":0},"_links":{"self":[{"href":"http:\/\/terciariascapuchinasafrica.org\/index.php\/wp-json\/wp\/v2\/pages\/9072"}],"collection":[{"href":"http:\/\/terciariascapuchinasafrica.org\/index.php\/wp-json\/wp\/v2\/pages"}],"about":[{"href":"http:\/\/terciariascapuchinasafrica.org\/index.php\/wp-json\/wp\/v2\/types\/page"}],"author":[{"embeddable":true,"href":"http:\/\/terciariascapuchinasafrica.org\/index.php\/wp-json\/wp\/v2\/users\/1"}],"replies":[{"embeddable":true,"href":"http:\/\/terciariascapuchinasafrica.org\/index.php\/wp-json\/wp\/v2\/comments?post=9072"}],"version-history":[{"count":14,"href":"http:\/\/terciariascapuchinasafrica.org\/index.php\/wp-json\/wp\/v2\/pages\/9072\/revisions"}],"predecessor-version":[{"id":9291,"href":"http:\/\/terciariascapuchinasafrica.org\/index.php\/wp-json\/wp\/v2\/pages\/9072\/revisions\/9291"}],"wp:attachment":[{"href":"http:\/\/terciariascapuchinasafrica.org\/index.php\/wp-json\/wp\/v2\/media?parent=9072"}],"curies":[{"name":"wp","href":"https:\/\/api.w.org\/{rel}","templated":true}]}}