{"id":9076,"date":"2022-06-02T13:21:42","date_gmt":"2022-06-02T13:21:42","guid":{"rendered":"http:\/\/terciariascapuchinasafrica.org\/?page_id=9076"},"modified":"2022-06-05T14:52:13","modified_gmt":"2022-06-05T14:52:13","slug":"valores-fundamentales","status":"publish","type":"page","link":"http:\/\/terciariascapuchinasafrica.org\/index.php\/valores-fundamentales\/","title":{"rendered":"Valores Fundamentales"},"content":{"rendered":"\t\t<div data-elementor-type=\"wp-post\" data-elementor-id=\"9076\" class=\"elementor elementor-9076\">\n\t\t\t\t\t\t\t\t\t<section class=\"elementor-section elementor-top-section elementor-element elementor-element-2589f6c elementor-section-stretched elementor-section-boxed elementor-section-height-default elementor-section-height-default\" data-id=\"2589f6c\" data-element_type=\"section\" data-settings=\"{&quot;stretch_section&quot;:&quot;section-stretched&quot;,&quot;background_background&quot;:&quot;classic&quot;}\">\n\t\t\t\t\t\t<div class=\"elementor-container elementor-column-gap-no\">\n\t\t\t\t\t<div class=\"elementor-column elementor-col-100 elementor-top-column elementor-element elementor-element-3f5f185\" data-id=\"3f5f185\" data-element_type=\"column\">\n\t\t\t<div class=\"elementor-widget-wrap elementor-element-populated\">\n\t\t\t\t\t\t\t\t<div class=\"elementor-element elementor-element-4aa685b elementor-align-left elementor-absolute elementor-widget elementor-widget-heading\" data-id=\"4aa685b\" data-element_type=\"widget\" data-settings=\"{&quot;_position&quot;:&quot;absolute&quot;}\" data-widget_type=\"heading.default\">\n\t\t\t\t<div class=\"elementor-widget-container\">\n\t\t\t<style>\/*! elementor - v3.6.4 - 13-04-2022 *\/\n.elementor-heading-title{padding:0;margin:0;line-height:1}.elementor-widget-heading .elementor-heading-title[class*=elementor-size-]>a{color:inherit;font-size:inherit;line-height:inherit}.elementor-widget-heading .elementor-heading-title.elementor-size-small{font-size:15px}.elementor-widget-heading .elementor-heading-title.elementor-size-medium{font-size:19px}.elementor-widget-heading .elementor-heading-title.elementor-size-large{font-size:29px}.elementor-widget-heading .elementor-heading-title.elementor-size-xl{font-size:39px}.elementor-widget-heading .elementor-heading-title.elementor-size-xxl{font-size:59px}<\/style><h2 class=\"elementor-heading-title elementor-size-default\">Valores Fundamentales de nuestro ser<\/h2>\t\t<\/div>\n\t\t\t\t<\/div>\n\t\t\t\t<section class=\"elementor-section elementor-inner-section elementor-element elementor-element-45b0617 elementor-section-boxed elementor-section-height-default elementor-section-height-default\" data-id=\"45b0617\" data-element_type=\"section\">\n\t\t\t\t\t\t<div class=\"elementor-container elementor-column-gap-no\">\n\t\t\t\t\t<div class=\"elementor-column elementor-col-100 elementor-inner-column elementor-element elementor-element-51df8b3\" data-id=\"51df8b3\" data-element_type=\"column\">\n\t\t\t<div class=\"elementor-widget-wrap elementor-element-populated\">\n\t\t\t\t\t\t\t\t<div class=\"elementor-element elementor-element-201338e elementor-widget elementor-widget-text-editor\" data-id=\"201338e\" data-element_type=\"widget\" data-widget_type=\"text-editor.default\">\n\t\t\t\t<div class=\"elementor-widget-container\">\n\t\t\t<style>\/*! elementor - v3.6.4 - 13-04-2022 *\/\n.elementor-widget-text-editor.elementor-drop-cap-view-stacked .elementor-drop-cap{background-color:#818a91;color:#fff}.elementor-widget-text-editor.elementor-drop-cap-view-framed .elementor-drop-cap{color:#818a91;border:3px solid;background-color:transparent}.elementor-widget-text-editor:not(.elementor-drop-cap-view-default) .elementor-drop-cap{margin-top:8px}.elementor-widget-text-editor:not(.elementor-drop-cap-view-default) .elementor-drop-cap-letter{width:1em;height:1em}.elementor-widget-text-editor .elementor-drop-cap{float:left;text-align:center;line-height:1;font-size:50px}.elementor-widget-text-editor .elementor-drop-cap-letter{display:inline-block}<\/style>        <div class=\"elementor-text-editor elementor-clearfix\"><p>\u201cCon una entrega total y libre, seguimos a Jesucristo mediante los votos de obediencia, pobreza y castidad\u201d (cf. Const. 2). \u201cNuestra forma de vida y regla suprema es guardar el Santo Evangelio viviendo en comunidad fraterna, minoridad y penitencia, en comuni\u00f3n con la Iglesia y en fidelidad a nuestro carisma expresado en las Constituciones\u201d (Const. 3).<\/p><p>Para el franciscano, para nosotras, la vida misma se hace misi\u00f3n, acompa\u00f1ada de obras concretas en servicio a los dem\u00e1s, con un determinado estilo. Nuestra Congregaci\u00f3n bebe de la espiritualidad de Francisco de As\u00eds, transmitida por Luis Amig\u00f3, enamorado y fiel hasta el final de su vocaci\u00f3n franciscano-capuchina, con un carisma que subraya de forma especial la dimensi\u00f3n misericordiosa del amor.<\/p><h4><b>Seguimos a Jesucristo al estilo de Francisco de As\u00eds y de Luis Amig\u00f3<\/b><\/h4><p><img loading=\"lazy\" class=\"size-large wp-image-1402 aligncenter\" src=\"https:\/\/terciariascapuchinasnazaret.org\/wp-content\/uploads\/2021\/01\/cruz-de-san-damiano-original-1-1024x770.jpg\" sizes=\"(max-width: 640px) 100vw, 640px\" srcset=\"https:\/\/terciariascapuchinasnazaret.org\/wp-content\/uploads\/2021\/01\/cruz-de-san-damiano-original-1.jpg 1024w, https:\/\/terciariascapuchinasnazaret.org\/wp-content\/uploads\/2021\/01\/cruz-de-san-damiano-original-1-300x226.jpg 300w, https:\/\/terciariascapuchinasnazaret.org\/wp-content\/uploads\/2021\/01\/cruz-de-san-damiano-original-1-768x578.jpg 768w\" alt=\"\" width=\"640\" height=\"481\" \/><\/p><p>Francisco de As\u00eds no tuvo otra riqueza sino el Cristo del Evangelio y nuestro Padre Fundador nos transmiti\u00f3 ese esp\u00edritu en su vida y escritos, proponi\u00e9ndonos este seguimiento como presupuesto b\u00e1sico y esencial. Para nosotras este Cristo se presenta con unas caracter\u00edsticas especiales: Un Cristo inseparable del Padre; encarnado, pobre, humilde, crucificado y resucitado; un Cristo Buen Pastor y Redentor.<\/p><h4><strong>En comunidad fraterna<\/strong><\/h4><p><img loading=\"lazy\" class=\"size-large wp-image-1401 aligncenter\" src=\"https:\/\/terciariascapuchinasnazaret.org\/wp-content\/uploads\/2021\/01\/2.-Junioras-Comunio%CC%81n-fraterna-1980x1114-1024x576.jpg\" sizes=\"(max-width: 640px) 100vw, 640px\" srcset=\"https:\/\/terciariascapuchinasnazaret.org\/wp-content\/uploads\/2021\/01\/2.-Junioras-Comunio\u0301n-fraterna-1980x1114-1024x576.jpg 1024w, https:\/\/terciariascapuchinasnazaret.org\/wp-content\/uploads\/2021\/01\/2.-Junioras-Comunio\u0301n-fraterna-1980x1114-300x169.jpg 300w, https:\/\/terciariascapuchinasnazaret.org\/wp-content\/uploads\/2021\/01\/2.-Junioras-Comunio\u0301n-fraterna-1980x1114-768x432.jpg 768w, https:\/\/terciariascapuchinasnazaret.org\/wp-content\/uploads\/2021\/01\/2.-Junioras-Comunio\u0301n-fraterna-1980x1114-1568x882.jpg 1568w, https:\/\/terciariascapuchinasnazaret.org\/wp-content\/uploads\/2021\/01\/2.-Junioras-Comunio\u0301n-fraterna-1980x1114.jpg 1980w\" alt=\"\" width=\"640\" height=\"360\" \/><\/p><p>El seguimiento de Cristo se hace en fraternidad, como lugar de encuentro, donde las hermanas nos acompa\u00f1amos y compartimos el gozo de la llamada. Una fraternidad que es don y tarea, celebra a Jesucristo, se vive en servicio humilde y obediencia mutua e implica igualdad entre todas las hermanas.<\/p><h4><strong>En minoridad<\/strong><\/h4><p><img loading=\"lazy\" class=\"size-full wp-image-1400 aligncenter\" src=\"https:\/\/terciariascapuchinasnazaret.org\/wp-content\/uploads\/2021\/01\/3.-Lavatorio-de-los-pies.jpg\" sizes=\"(max-width: 374px) 100vw, 374px\" srcset=\"https:\/\/terciariascapuchinasnazaret.org\/wp-content\/uploads\/2021\/01\/3.-Lavatorio-de-los-pies.jpg 374w, https:\/\/terciariascapuchinasnazaret.org\/wp-content\/uploads\/2021\/01\/3.-Lavatorio-de-los-pies-219x300.jpg 219w\" alt=\"\" width=\"374\" height=\"512\" \/><\/p><p>La minoridad franciscana comporta peque\u00f1ez evang\u00e9lica y actitud de servicio. Ser menor equivale a ser siervo, peque\u00f1o, pobre, sencillo, humilde, sujeto a otros, a su servicio, disponible, sin af\u00e1n de dominio. La minoridad como suma de actitudes evang\u00e9licas tiene para nosotras sus expresiones concretas en: la obediencia, pobreza y humildad; la opci\u00f3n preferencial por los m\u00e1s empobrecidos y necesitados; la confianza en la Providencia; el compromiso por la justicia, la paz, la defensa de la vida y el cuidado de la creaci\u00f3n.<\/p><h4><strong>Penitencia-conversi\u00f3n<\/strong><\/h4><p>El esp\u00edritu de penitencia y actitud de continua conversi\u00f3n son componentes esenciales de nuestro carisma. La penitencia es, ante todo, cambio de mentalidad. Y ser penitente como Francisco, Clara y Luis Amig\u00f3 implica: Que Dios pase a ser el todo bien, sumo bien, \u00fanico bien\u2026 (AlD 3), redimensionando as\u00ed todos los valores e intereses que podemos poseer y llevar un estilo de vida orante, austero, fraterno y de servicio incondicional a los hermanos y hermanas, sabi\u00e9ndonos criaturas en manos del Creador.<\/p><h4><strong>En fidelidad a la Iglesia<\/strong><\/h4><p>San Francisco palpaba la inmediatez de la presencia de Jes\u00fas en su Iglesia en la persona concret\u00edsima del \u201cPapa de la Iglesia Romana\u201d a quien denomina con nombre propio (cf. 2R 2), de los Obispos, los te\u00f3logos y hasta el m\u00e1s pobrecillo sacerdote (cf. Test 6). El P. Luis Amig\u00f3 fund\u00f3 nuestra Congregaci\u00f3n en estrecho sentir con la Iglesia, vivi\u00f3 como hijo obediente a ella, inculc\u00f3 el amor, la sumisi\u00f3n, el respeto, la colaboraci\u00f3n, la profundizaci\u00f3n de su doctrina, la acogida a sus iniciativas y sugerencias, invit\u00e1ndonos a testimoniar la comuni\u00f3n como miembros activos de la misma.<\/p><h4><strong>Vida apost\u00f3lica<\/strong><\/h4><p>Nuestra misi\u00f3n apost\u00f3lica es la realizaci\u00f3n de nuestra \u201cforma de vida\u201d expresada en la Regla y las Constituciones.<\/p><p>Como aut\u00e9ntica comunidad evang\u00e9lica somos impulsadas por el Espir\u00edtu Santo a colaborar en la misi\u00f3n salv\u00edfica de la Iglesia que nos env\u00eda a ser presencia del Se\u00f1or y portadoras de paz en el mundo (Const. 57). Evangelizamos \u201ccon el testimonio de la propia vida, el ejercicio de la caridad y el anuncio de la palabra a cuantos nos necesitan, preferentemente a los m\u00e1s pobres y necesitados\u201d (Const. 4)<\/p><p>Toda nuestra vida y misi\u00f3n ha de caracterizarse por la actitud del Buen Pastor y el esp\u00edritu de la Sagrada Familia.<\/p><h4><strong>Con la actitud del Buen Pastor<\/strong><\/h4><p>Jesucristo es el \u00fanico Pastor que conoce a sus ovejas, las ama, lo arriesga todo por ellas y da la vida seg\u00fan el mandato recibido del Padre. Esta actitud la encarn\u00f3 en su vida nuestro Padre Fundador que se distingui\u00f3 por su sensibilidad y entrega a los excluidos. El Buen Pastor es la figura que \u00e9l eligi\u00f3 como gu\u00eda y expresi\u00f3n de lo que quer\u00eda vivir, siendo su lema episcopal: \u201cDoy mi vida por mis ovejas\u201d. Nosotras lo hacemos vida cuando anunciamos y construimos la paz, cuando buscamos el coraz\u00f3n de las mujeres y de los hombres a trav\u00e9s del di\u00e1logo, del respeto, de la escucha, de la comprensi\u00f3n; cuando salimos al encuentro de los descartados\u2026<\/p><h4><b>Con el espir\u00edtu de la Sagrada Familia, nuestro modelo.<\/b><\/h4><p>Nuestro Padre Fundador puso nuestra Congregaci\u00f3n bajo la protecci\u00f3n de la Sagrada Familia y quiso que fuera para nosotras inspiradora y modelo: \u201c\u2026especialmente en su esp\u00edritu de oraci\u00f3n, vida de familia y disponibilidad a la voluntad de Dios\u201d (Const. 6). Nuestra Congregaci\u00f3n, bajo la mirada de la Sagrada Familia, nos hace ser una peculiar familia de hermanas, una peculiar fraternidad franciscana. Pero adem\u00e1s, \u201cla familia de Nazaret nos compromete en la labor apost\u00f3lica que realizamos a crear un clima de familia y prestar especial inter\u00e9s en la promoci\u00f3n cristiana de los hogares\u201d (cf. Const. 61). Somos llamadas a vivir la acogida, la sencillez, la sensibilidad ante el sufrimiento, la preocupaci\u00f3n y dedicaci\u00f3n especial en el acompa\u00f1amiento a las familias, defendiendo la vida, la dignidad de la mujer y los ni\u00f1os.<\/p><p><img loading=\"lazy\" class=\"size-large wp-image-1399 aligncenter\" src=\"https:\/\/terciariascapuchinasnazaret.org\/wp-content\/uploads\/2021\/01\/Captura-de-pantalla-2020-10-17-a-las-0.43.01-1024x597.png\" sizes=\"(max-width: 640px) 100vw, 640px\" srcset=\"https:\/\/terciariascapuchinasnazaret.org\/wp-content\/uploads\/2021\/01\/Captura-de-pantalla-2020-10-17-a-las-0.43.01-1024x597.png 1024w, https:\/\/terciariascapuchinasnazaret.org\/wp-content\/uploads\/2021\/01\/Captura-de-pantalla-2020-10-17-a-las-0.43.01-300x175.png 300w, https:\/\/terciariascapuchinasnazaret.org\/wp-content\/uploads\/2021\/01\/Captura-de-pantalla-2020-10-17-a-las-0.43.01-768x448.png 768w, https:\/\/terciariascapuchinasnazaret.org\/wp-content\/uploads\/2021\/01\/Captura-de-pantalla-2020-10-17-a-las-0.43.01.png 1176w\" alt=\"\" width=\"640\" height=\"373\" \/><\/p><p>La imagen de la Sagrada Familia que preside la iglesia del mismo nombre, en nuestra Casa Madre de Massamagrell-Valencia-Espa\u00f1a, es la que el Fundador mismo escogi\u00f3, antes incluso de la construcci\u00f3n del templo, porque vio en ella reflejadas sus dos congregaciones. Su deseo es vincular a la Familia de Nazaret con nuestra m\u00e1s entra\u00f1able tarea apost\u00f3lica que es la de acompa\u00f1ar a los ni\u00f1os y j\u00f3venes desamparados, en situaci\u00f3n de riesgo, \u201cmovidas a compasi\u00f3n\u201d, tarea que desde los inicios de nuestra Congregaci\u00f3n llevamos a cabo junto al sepulcro del Padre Luis y cobijadas bajo la mirada de la Sagrada Familia.<\/p><\/div>\n        \t\t<\/div>\n\t\t\t\t<\/div>\n\t\t\t\t\t<\/div>\n\t\t<\/div>\n\t\t\t\t\t\t\t<\/div>\n\t\t<\/section>\n\t\t\t\t\t<\/div>\n\t\t<\/div>\n\t\t\t\t\t\t\t<\/div>\n\t\t<\/section>\n\t\t\t\t\t\t\t<\/div>\n\t\t","protected":false},"excerpt":{"rendered":"<p>Valores Fundamentales de nuestro ser \u201cCon una entrega total y libre, seguimos a Jesucristo mediante los votos de obediencia, pobreza y castidad\u201d (cf. Const. 2). \u201cNuestra forma de vida y regla suprema es guardar el Santo Evangelio viviendo en comunidad fraterna, minoridad y penitencia, en comuni\u00f3n con la Iglesia y en fidelidad a nuestro carisma [&hellip;]<\/p>\n","protected":false},"author":1,"featured_media":0,"parent":0,"menu_order":0,"comment_status":"closed","ping_status":"closed","template":"page-elementor.php","meta":{"om_disable_all_campaigns":false,"inline_featured_image":false,"_monsterinsights_skip_tracking":false,"_monsterinsights_sitenote_active":false,"_monsterinsights_sitenote_note":"","_monsterinsights_sitenote_category":0},"_links":{"self":[{"href":"http:\/\/terciariascapuchinasafrica.org\/index.php\/wp-json\/wp\/v2\/pages\/9076"}],"collection":[{"href":"http:\/\/terciariascapuchinasafrica.org\/index.php\/wp-json\/wp\/v2\/pages"}],"about":[{"href":"http:\/\/terciariascapuchinasafrica.org\/index.php\/wp-json\/wp\/v2\/types\/page"}],"author":[{"embeddable":true,"href":"http:\/\/terciariascapuchinasafrica.org\/index.php\/wp-json\/wp\/v2\/users\/1"}],"replies":[{"embeddable":true,"href":"http:\/\/terciariascapuchinasafrica.org\/index.php\/wp-json\/wp\/v2\/comments?post=9076"}],"version-history":[{"count":14,"href":"http:\/\/terciariascapuchinasafrica.org\/index.php\/wp-json\/wp\/v2\/pages\/9076\/revisions"}],"predecessor-version":[{"id":9303,"href":"http:\/\/terciariascapuchinasafrica.org\/index.php\/wp-json\/wp\/v2\/pages\/9076\/revisions\/9303"}],"wp:attachment":[{"href":"http:\/\/terciariascapuchinasafrica.org\/index.php\/wp-json\/wp\/v2\/media?parent=9076"}],"curies":[{"name":"wp","href":"https:\/\/api.w.org\/{rel}","templated":true}]}}