{"id":9083,"date":"2022-06-02T13:26:36","date_gmt":"2022-06-02T13:26:36","guid":{"rendered":"http:\/\/terciariascapuchinasafrica.org\/?page_id=9083"},"modified":"2022-06-05T15:19:43","modified_gmt":"2022-06-05T15:19:43","slug":"donde-estamos","status":"publish","type":"page","link":"http:\/\/terciariascapuchinasafrica.org\/index.php\/donde-estamos\/","title":{"rendered":"Donde Estamos"},"content":{"rendered":"\t\t<div data-elementor-type=\"wp-post\" data-elementor-id=\"9083\" class=\"elementor elementor-9083\">\n\t\t\t\t\t\t\t\t\t<section class=\"elementor-section elementor-top-section elementor-element elementor-element-2589f6c elementor-section-stretched elementor-section-boxed elementor-section-height-default elementor-section-height-default\" data-id=\"2589f6c\" data-element_type=\"section\" data-settings=\"{&quot;stretch_section&quot;:&quot;section-stretched&quot;,&quot;background_background&quot;:&quot;classic&quot;}\">\n\t\t\t\t\t\t<div class=\"elementor-container elementor-column-gap-no\">\n\t\t\t\t\t<div class=\"elementor-column elementor-col-100 elementor-top-column elementor-element elementor-element-3f5f185\" data-id=\"3f5f185\" data-element_type=\"column\">\n\t\t\t<div class=\"elementor-widget-wrap elementor-element-populated\">\n\t\t\t\t\t\t\t\t<div class=\"elementor-element elementor-element-4aa685b elementor-align-left elementor-absolute elementor-widget elementor-widget-heading\" data-id=\"4aa685b\" data-element_type=\"widget\" data-settings=\"{&quot;_position&quot;:&quot;absolute&quot;}\" data-widget_type=\"heading.default\">\n\t\t\t\t<div class=\"elementor-widget-container\">\n\t\t\t<style>\/*! elementor - v3.6.4 - 13-04-2022 *\/\n.elementor-heading-title{padding:0;margin:0;line-height:1}.elementor-widget-heading .elementor-heading-title[class*=elementor-size-]>a{color:inherit;font-size:inherit;line-height:inherit}.elementor-widget-heading .elementor-heading-title.elementor-size-small{font-size:15px}.elementor-widget-heading .elementor-heading-title.elementor-size-medium{font-size:19px}.elementor-widget-heading .elementor-heading-title.elementor-size-large{font-size:29px}.elementor-widget-heading .elementor-heading-title.elementor-size-xl{font-size:39px}.elementor-widget-heading .elementor-heading-title.elementor-size-xxl{font-size:59px}<\/style><h2 class=\"elementor-heading-title elementor-size-default\">Donde Estamos<\/h2>\t\t<\/div>\n\t\t\t\t<\/div>\n\t\t\t\t<section class=\"elementor-section elementor-inner-section elementor-element elementor-element-45b0617 elementor-section-boxed elementor-section-height-default elementor-section-height-default\" data-id=\"45b0617\" data-element_type=\"section\">\n\t\t\t\t\t\t<div class=\"elementor-container elementor-column-gap-no\">\n\t\t\t\t\t<div class=\"elementor-column elementor-col-100 elementor-inner-column elementor-element elementor-element-51df8b3\" data-id=\"51df8b3\" data-element_type=\"column\">\n\t\t\t<div class=\"elementor-widget-wrap elementor-element-populated\">\n\t\t\t\t\t\t\t\t<div class=\"elementor-element elementor-element-201338e elementor-widget elementor-widget-text-editor\" data-id=\"201338e\" data-element_type=\"widget\" data-widget_type=\"text-editor.default\">\n\t\t\t\t<div class=\"elementor-widget-container\">\n\t\t\t<style>\/*! elementor - v3.6.4 - 13-04-2022 *\/\n.elementor-widget-text-editor.elementor-drop-cap-view-stacked .elementor-drop-cap{background-color:#818a91;color:#fff}.elementor-widget-text-editor.elementor-drop-cap-view-framed .elementor-drop-cap{color:#818a91;border:3px solid;background-color:transparent}.elementor-widget-text-editor:not(.elementor-drop-cap-view-default) .elementor-drop-cap{margin-top:8px}.elementor-widget-text-editor:not(.elementor-drop-cap-view-default) .elementor-drop-cap-letter{width:1em;height:1em}.elementor-widget-text-editor .elementor-drop-cap{float:left;text-align:center;line-height:1;font-size:50px}.elementor-widget-text-editor .elementor-drop-cap-letter{display:inline-block}<\/style>        <div class=\"elementor-text-editor elementor-clearfix\"><div class=\"elementor-element elementor-element-c2a18ab elementor-align-left elementor-icon-list--layout-traditional elementor-list-item-link-full_width elementor-widget elementor-widget-icon-list\" data-id=\"c2a18ab\" data-element_type=\"widget\" data-widget_type=\"icon-list.default\"><div class=\"elementor-widget-container\"><ul class=\"elementor-icon-list-items\"><li class=\"elementor-icon-list-item\"><h5><strong><span class=\"elementor-icon-list-text\">Delegaci\u00f3n General \u00abNuestra Se\u00f1ora de \u00c1frica\u00bb<\/span><\/strong><\/h5><\/li><\/ul><\/div><\/div><div class=\"elementor-element elementor-element-821a17a elementor-widget elementor-widget-heading\" data-id=\"821a17a\" data-element_type=\"widget\" data-widget_type=\"heading.default\"><div class=\"elementor-widget-container\"><p class=\"elementor-heading-title elementor-size-default\">Erigida el 22 de febrero de 2014,\u00a0mediante la uni\u00f3n\u00a0de tres Demarcaciones. Est\u00e1 integrada por los siguientes pa\u00edses: Rep\u00fablica Democr\u00e1tica del Congo, Tanzania, Ben\u00edn y Guinea Ecuatorial.<\/p><\/div><\/div><div class=\"elementor-element elementor-element-16e5a21 elementor-align-left elementor-icon-list--layout-traditional elementor-list-item-link-full_width elementor-widget elementor-widget-icon-list\" data-id=\"16e5a21\" data-element_type=\"widget\" data-widget_type=\"icon-list.default\"><div class=\"elementor-widget-container\"><ul class=\"elementor-icon-list-items\"><li class=\"elementor-icon-list-item\"><i class=\"fas fa-angle-double-right\" aria-hidden=\"true\"><\/i><span class=\"elementor-icon-list-text\">Su Sede est\u00e1 en Kigamboni, Dar es Salaam &#8211; Tanzania.<\/span><\/li><li class=\"elementor-icon-list-item\"><i class=\"fas fa-angle-double-right\" aria-hidden=\"true\"><\/i><span class=\"elementor-icon-list-text\">\u00adSu fiesta patronal: 5 de mayo.<\/span><\/li><\/ul><\/div><\/div><div class=\"elementor-element elementor-element-e8cd87b elementor-widget elementor-widget-heading\" data-id=\"e8cd87b\" data-element_type=\"widget\" data-widget_type=\"heading.default\"><div class=\"elementor-widget-container\"><p class=\"elementor-heading-title elementor-size-default\"><strong>Contacto:\u00a0<\/strong>secredeleafrica@terciariascapuchinas.org<\/p><p>\u00a0<\/p><h5>Sedes y\/o programas<\/h5><p>\u00a0<\/p><table id=\"tablepress-6\" class=\"tablepress tablepress-id-6 dataTable no-footer\" role=\"grid\"><thead><tr class=\"row-1 odd\" role=\"row\"><th class=\"column-1 sorting sorting_asc\" tabindex=\"0\" colspan=\"1\" rowspan=\"1\" aria-controls=\"tablepress-6\" aria-label=\"Nombre: Activar para ordenar la columna de manera descendente\" aria-sort=\"ascending\">Nombre<\/th><th class=\"column-2 sorting\" tabindex=\"0\" colspan=\"1\" rowspan=\"1\" aria-controls=\"tablepress-6\" aria-label=\"Direcci\u00f3n: Activar para ordenar la columna de manera ascendente\">Direcci\u00f3n<\/th><th class=\"column-3 sorting\" tabindex=\"0\" colspan=\"1\" rowspan=\"1\" aria-controls=\"tablepress-6\" aria-label=\"Tel\u00e9fono: Activar para ordenar la columna de manera ascendente\">Tel\u00e9fono<\/th><\/tr><\/thead><tbody class=\"row-hover\"><tr class=\"row-12 even\"><td class=\"column-1\"><a href=\"http:\/\/www.terciariascapuchinas.org\/quienes-somos\/demarcaciones\/delegacion-general-ntra-sra-de-africa\/francisca-rafelbunol\/\" target=\"_blank\" rel=\"noopener noreferrer\">Francisca de Rafelbu\u00f1ol<\/a><\/td><td class=\"column-2\">Francisca de Rafelbu\u00f1ol (Postulat)<br \/>Gl\u00f3-Djigb\u00e9. R\u00e9publique du B\u00e9nin.<\/td><td class=\"column-3\">+229 658 615 28<\/td><\/tr><tr class=\"row-14 odd\"><td class=\"column-1\"><a href=\"https:\/\/www.terciariascapuchinas.org\/quienes-somos\/demarcaciones\/delegacion-general-ntra-sra-de-africa\/fraternidad-emaus\/\" target=\"_blank\" rel=\"noopener noreferrer\">Fraternidad Ema\u00fas<\/a><\/td><td class=\"column-2\">Hermanas Terciarias Capuchinas de la Sagrada Familia.<br \/>Barrio Ncolombong. Bata Litoral. Guinea Ecuatorial.<\/td><td class=\"column-3\">+240 222 355 485<\/td><\/tr><tr class=\"row-13 even\"><td class=\"column-1\"><a href=\"https:\/\/www.terciariascapuchinas.org\/quienes-somos\/demarcaciones\/delegacion-general-ntra-sra-de-africa\/fraternidad-nazaret\/\" target=\"_blank\" rel=\"noopener noreferrer\">Fraternidad Nazaret<\/a><\/td><td class=\"column-2\">Hermanas Terciarias Capuchinas de la Sagrada Familia.<br \/>Centro Infantil Luis Amigo (CILA)<br \/>Avenida Luis Amigo. Evinayong. Centro Sur. Guinea Ecuatorial<\/td><td class=\"column-3\">+240 222 760 497<\/td><\/tr><tr class=\"row-9 odd\"><td class=\"column-1\"><a href=\"https:\/\/www.terciariascapuchinas.org\/quienes-somos\/demarcaciones\/delegacion-general-ntra-sra-de-africa\/fray-luis-amigo\/\" target=\"_blank\" rel=\"noopener noreferrer\">Fray Luis Amig\u00f3<\/a><\/td><td class=\"column-2\">S\u0153urs Tertiaires Capucines de la Sainte Famille<br \/>B.P: 06 BP 2057<br \/>Akpakpa-Cotonou.<br \/>R\u00e9publique du B\u00e9nin.<\/td><td class=\"column-3\">+229 946 677 67<\/td><\/tr><tr class=\"row-5 even\"><td class=\"column-1\"><a href=\"https:\/\/www.terciariascapuchinas.org\/quienes-somos\/demarcaciones\/delegacion-general-ntra-sra-de-africa\/luis-amigo\/\" target=\"_blank\" rel=\"noopener noreferrer\">Luis Amig\u00f3<\/a><\/td><td class=\"column-2\">S\u0153urs Tertiaires Capucines de la Sainte Famille<br \/>Avda. Kinkondja, 3061 (Quartier Gambela) Lubumbashi. Haut Katanga. R\u00e9publique D\u00e9mocratique du Congo.<\/td><td class=\"column-3\">+243 973 453 897<\/td><\/tr><tr class=\"row-7 odd\"><td class=\"column-1\"><a href=\"https:\/\/www.terciariascapuchinas.org\/quienes-somos\/demarcaciones\/delegacion-general-ntra-sra-de-africa\/luis-amigo-2\/\" target=\"_blank\" rel=\"noopener noreferrer\">Luis Amig\u00f3<\/a><\/td><td class=\"column-2\">Capuchin Tertiary Sisters of the Holy Family (Postulancy)<br \/>Plot 695 Block \u201cE\u201d Tungi\u2013 Kigamboni.<br \/>P.O. Box 70498 Dar Es Salaam. Tanzania.<\/td><td class=\"column-3\">+255 758 129 374<\/td><\/tr><tr class=\"row-2 even\"><td class=\"column-1\"><a href=\"https:\/\/www.terciariascapuchinas.org\/quienes-somos\/demarcaciones\/delegacion-general-ntra-sra-de-africa\/maison-saint-benoit\/\" target=\"_blank\" rel=\"noopener noreferrer\">Mission Saint Benoit<\/a><\/td><td class=\"column-2\">S\u0153urs Tertiaires Capucines de la Sainte Famille.<br \/>Mission Catholique-Kansenia.<br \/>Haut Lualaba. R\u00e9publique D\u00e9mocratique du Congo<\/td><td class=\"column-3\">+243 990 252 613<\/td><\/tr><tr class=\"row-4 odd\"><td class=\"column-1\"><a href=\"https:\/\/www.terciariascapuchinas.org\/quienes-somos\/demarcaciones\/delegacion-general-ntra-sra-de-africa\/rosario-soano\/\" target=\"_blank\" rel=\"noopener noreferrer\">Rosario de Soano<\/a><\/td><td class=\"column-2\">S\u0153urs Tertiaires Capucines de la Sainte Famille (Postulat)<br \/>Avda. Manika 3109. Lubumbashi. Haut Katanga. R\u00e9publique D\u00e9mocratique du Congo.<\/td><td class=\"column-3\">+243 853 524 008<\/td><\/tr><tr class=\"row-3 even\"><td class=\"column-1\"><a href=\"https:\/\/www.terciariascapuchinas.org\/quienes-somos\/demarcaciones\/delegacion-general-ntra-sra-de-africa\/sagrada-familia\/\" target=\"_blank\" rel=\"noopener noreferrer\">Sagrada Familia<\/a><\/td><td class=\"column-2\">S\u0153urs Tertiaires Capucines de la Sainte Famille.<br \/>\u201c Mission Catholique\u201d Kasungami. Lubumbashi. Haut Katanga. R\u00e9publique D\u00e9mocratique du Congo.<\/td><td class=\"column-3\">+243 844 531 263<\/td><\/tr><tr class=\"row-6 odd\"><td class=\"column-1\"><a href=\"https:\/\/www.terciariascapuchinas.org\/quienes-somos\/demarcaciones\/delegacion-general-ntra-sra-de-africa\/sagrada-familia-2\/\" target=\"_blank\" rel=\"noopener noreferrer\">Sagrada Familia<\/a><\/td><td class=\"column-2\">Capuchin Tertiary Sisters of the Holy Family.<br \/>Plot 315 Block \u201cB\u201d Kihonda Moghorofani. P. O. Box 1989. Morogoro. Tanzania.<\/td><td class=\"column-3\">+255 682 821 922<\/td><\/tr><tr class=\"row-11 even\"><td class=\"column-1\"><a href=\"https:\/\/www.terciariascapuchinas.org\/quienes-somos\/demarcaciones\/delegacion-general-ntra-sra-de-africa\/sagrada-familia-3\/\" target=\"_blank\" rel=\"noopener noreferrer\">Sagrada Familia<\/a><\/td><td class=\"column-2\">S\u0153urs Tertiaires Capucines de la Sainte Famille<br \/>Maison de Formation (Noviciat) Ou\u00e9ss\u00e9-Ouidah, R\u00e9publique du B\u00e9nin.<\/td><td class=\"column-3\">+229 95 10 80<\/td><\/tr><tr class=\"row-10 odd\"><td class=\"column-1\"><a href=\"https:\/\/www.terciariascapuchinas.org\/quienes-somos\/demarcaciones\/delegacion-general-ntra-sra-de-africa\/san-francisco\/\" target=\"_blank\" rel=\"noopener noreferrer\">San Francisco<\/a><\/td><td class=\"column-2\">S\u0153urs Tertiaires Capucines de la Sainte Famille<br \/>B.P. 06-2057 Nikki R\u00e9publique du B\u00e9nin.<\/td><td class=\"column-3\">+229 646 599 65<\/td><\/tr><tr class=\"row-8 even\"><td class=\"column-1\"><a href=\"https:\/\/www.terciariascapuchinas.org\/quienes-somos\/demarcaciones\/delegacion-general-ntra-sra-de-africa\/santa-clara\/\" target=\"_blank\" rel=\"noopener noreferrer\">Santa Clara<\/a><\/td><td class=\"column-2\">Capuchin Tertiary Sisters of the Holy Family.<br \/>Ntuntu Jimbo la Singida. Tanzania.<\/td><td class=\"column-3\">+255 789 182 585<\/td><\/tr><\/tbody><\/table><\/div><\/div><\/div>\n        \t\t<\/div>\n\t\t\t\t<\/div>\n\t\t\t\t\t<\/div>\n\t\t<\/div>\n\t\t\t\t\t\t\t<\/div>\n\t\t<\/section>\n\t\t\t\t\t<\/div>\n\t\t<\/div>\n\t\t\t\t\t\t\t<\/div>\n\t\t<\/section>\n\t\t\t\t\t\t\t<\/div>\n\t\t","protected":false},"excerpt":{"rendered":"<p>Donde Estamos Delegaci\u00f3n General \u00abNuestra Se\u00f1ora de \u00c1frica\u00bb Erigida el 22 de febrero de 2014,\u00a0mediante la uni\u00f3n\u00a0de tres Demarcaciones. Est\u00e1 integrada por los siguientes pa\u00edses: Rep\u00fablica Democr\u00e1tica del Congo, Tanzania, Ben\u00edn y Guinea Ecuatorial. Su Sede est\u00e1 en Kigamboni, Dar es Salaam &#8211; Tanzania. \u00adSu fiesta patronal: 5 de mayo. Contacto:\u00a0secredeleafrica@terciariascapuchinas.org \u00a0 Sedes y\/o programas [&hellip;]<\/p>\n","protected":false},"author":1,"featured_media":0,"parent":0,"menu_order":0,"comment_status":"closed","ping_status":"closed","template":"page-elementor.php","meta":{"om_disable_all_campaigns":false,"inline_featured_image":false,"_monsterinsights_skip_tracking":false,"_monsterinsights_sitenote_active":false,"_monsterinsights_sitenote_note":"","_monsterinsights_sitenote_category":0},"_links":{"self":[{"href":"http:\/\/terciariascapuchinasafrica.org\/index.php\/wp-json\/wp\/v2\/pages\/9083"}],"collection":[{"href":"http:\/\/terciariascapuchinasafrica.org\/index.php\/wp-json\/wp\/v2\/pages"}],"about":[{"href":"http:\/\/terciariascapuchinasafrica.org\/index.php\/wp-json\/wp\/v2\/types\/page"}],"author":[{"embeddable":true,"href":"http:\/\/terciariascapuchinasafrica.org\/index.php\/wp-json\/wp\/v2\/users\/1"}],"replies":[{"embeddable":true,"href":"http:\/\/terciariascapuchinasafrica.org\/index.php\/wp-json\/wp\/v2\/comments?post=9083"}],"version-history":[{"count":11,"href":"http:\/\/terciariascapuchinasafrica.org\/index.php\/wp-json\/wp\/v2\/pages\/9083\/revisions"}],"predecessor-version":[{"id":9313,"href":"http:\/\/terciariascapuchinasafrica.org\/index.php\/wp-json\/wp\/v2\/pages\/9083\/revisions\/9313"}],"wp:attachment":[{"href":"http:\/\/terciariascapuchinasafrica.org\/index.php\/wp-json\/wp\/v2\/media?parent=9083"}],"curies":[{"name":"wp","href":"https:\/\/api.w.org\/{rel}","templated":true}]}}