{"id":9139,"date":"2022-06-02T13:56:10","date_gmt":"2022-06-02T13:56:10","guid":{"rendered":"http:\/\/terciariascapuchinasafrica.org\/?page_id=9139"},"modified":"2022-06-05T15:59:16","modified_gmt":"2022-06-05T15:59:16","slug":"la-sagrada-familia","status":"publish","type":"page","link":"http:\/\/terciariascapuchinasafrica.org\/index.php\/la-sagrada-familia\/","title":{"rendered":"La Sagrada Familia"},"content":{"rendered":"\t\t<div data-elementor-type=\"wp-post\" data-elementor-id=\"9139\" class=\"elementor elementor-9139\">\n\t\t\t\t\t\t\t\t\t<section class=\"elementor-section elementor-top-section elementor-element elementor-element-2589f6c elementor-section-stretched elementor-section-boxed elementor-section-height-default elementor-section-height-default\" data-id=\"2589f6c\" data-element_type=\"section\" data-settings=\"{&quot;stretch_section&quot;:&quot;section-stretched&quot;,&quot;background_background&quot;:&quot;classic&quot;}\">\n\t\t\t\t\t\t<div class=\"elementor-container elementor-column-gap-no\">\n\t\t\t\t\t<div class=\"elementor-column elementor-col-100 elementor-top-column elementor-element elementor-element-3f5f185\" data-id=\"3f5f185\" data-element_type=\"column\">\n\t\t\t<div class=\"elementor-widget-wrap elementor-element-populated\">\n\t\t\t\t\t\t\t\t<div class=\"elementor-element elementor-element-4aa685b elementor-align-left elementor-absolute elementor-widget elementor-widget-heading\" data-id=\"4aa685b\" data-element_type=\"widget\" data-settings=\"{&quot;_position&quot;:&quot;absolute&quot;}\" data-widget_type=\"heading.default\">\n\t\t\t\t<div class=\"elementor-widget-container\">\n\t\t\t<style>\/*! elementor - v3.6.4 - 13-04-2022 *\/\n.elementor-heading-title{padding:0;margin:0;line-height:1}.elementor-widget-heading .elementor-heading-title[class*=elementor-size-]>a{color:inherit;font-size:inherit;line-height:inherit}.elementor-widget-heading .elementor-heading-title.elementor-size-small{font-size:15px}.elementor-widget-heading .elementor-heading-title.elementor-size-medium{font-size:19px}.elementor-widget-heading .elementor-heading-title.elementor-size-large{font-size:29px}.elementor-widget-heading .elementor-heading-title.elementor-size-xl{font-size:39px}.elementor-widget-heading .elementor-heading-title.elementor-size-xxl{font-size:59px}<\/style><h2 class=\"elementor-heading-title elementor-size-default\">La Sagrada Familia<\/h2>\t\t<\/div>\n\t\t\t\t<\/div>\n\t\t\t\t<section class=\"elementor-section elementor-inner-section elementor-element elementor-element-45b0617 elementor-section-boxed elementor-section-height-default elementor-section-height-default\" data-id=\"45b0617\" data-element_type=\"section\">\n\t\t\t\t\t\t<div class=\"elementor-container elementor-column-gap-no\">\n\t\t\t\t\t<div class=\"elementor-column elementor-col-100 elementor-inner-column elementor-element elementor-element-51df8b3\" data-id=\"51df8b3\" data-element_type=\"column\">\n\t\t\t<div class=\"elementor-widget-wrap elementor-element-populated\">\n\t\t\t\t\t\t\t\t<div class=\"elementor-element elementor-element-201338e elementor-widget elementor-widget-text-editor\" data-id=\"201338e\" data-element_type=\"widget\" data-widget_type=\"text-editor.default\">\n\t\t\t\t<div class=\"elementor-widget-container\">\n\t\t\t<style>\/*! elementor - v3.6.4 - 13-04-2022 *\/\n.elementor-widget-text-editor.elementor-drop-cap-view-stacked .elementor-drop-cap{background-color:#818a91;color:#fff}.elementor-widget-text-editor.elementor-drop-cap-view-framed .elementor-drop-cap{color:#818a91;border:3px solid;background-color:transparent}.elementor-widget-text-editor:not(.elementor-drop-cap-view-default) .elementor-drop-cap{margin-top:8px}.elementor-widget-text-editor:not(.elementor-drop-cap-view-default) .elementor-drop-cap-letter{width:1em;height:1em}.elementor-widget-text-editor .elementor-drop-cap{float:left;text-align:center;line-height:1;font-size:50px}.elementor-widget-text-editor .elementor-drop-cap-letter{display:inline-block}<\/style>        <div class=\"elementor-text-editor elementor-clearfix\"><div class=\"elementor-image\">\u00a0<\/div><div><img loading=\"lazy\" class=\"alignnone wp-image-9396 size-full\" src=\"http:\/\/terciariascapuchinasafrica.org\/wp-content\/uploads\/2022\/06\/Captura-de-pantalla-2020-10-17-a-las-0.43.01.png\" alt=\"\" width=\"1176\" height=\"686\" srcset=\"http:\/\/terciariascapuchinasafrica.org\/wp-content\/uploads\/2022\/06\/Captura-de-pantalla-2020-10-17-a-las-0.43.01.png 1176w, http:\/\/terciariascapuchinasafrica.org\/wp-content\/uploads\/2022\/06\/Captura-de-pantalla-2020-10-17-a-las-0.43.01-300x175.png 300w, http:\/\/terciariascapuchinasafrica.org\/wp-content\/uploads\/2022\/06\/Captura-de-pantalla-2020-10-17-a-las-0.43.01-1024x597.png 1024w, http:\/\/terciariascapuchinasafrica.org\/wp-content\/uploads\/2022\/06\/Captura-de-pantalla-2020-10-17-a-las-0.43.01-768x448.png 768w, http:\/\/terciariascapuchinasafrica.org\/wp-content\/uploads\/2022\/06\/Captura-de-pantalla-2020-10-17-a-las-0.43.01-400x233.png 400w\" sizes=\"(max-width: 1176px) 100vw, 1176px\" \/><\/div><div class=\"elementor-element elementor-element-2197250 elementor-widget elementor-widget-text-editor\" data-id=\"2197250\" data-element_type=\"widget\" data-widget_type=\"text-editor.default\"><div class=\"elementor-widget-container\"><div class=\"elementor-text-editor elementor-clearfix\"><div><p>El v\u00ednculo m\u00e1s fuerte de nuestra uni\u00f3n en el amor de Cristo es la Trinidad, verdadera y \u00fanica Familia.La Familia de Nazaret expresa, y pone a nuestro alcance esta forma trinitaria de vida; por eso nuestro Padre Fundador puso la Congregaci\u00f3n bajo la protecci\u00f3n de la Sagrada Familia y quiso que fuera la inspiradora y el modelo en nuestras relaciones fraternas entre las hermanas y el estilo de participaci\u00f3n en la construcci\u00f3n de la sociedad.<\/p><\/div><p>Este estilo de vida, de ser familia, es una exigencia de nuestra opci\u00f3n de hermanas menores, considerando a las dem\u00e1s m\u00e1s que una misma, siendo madre y hermanas unas de otras.<br \/>As\u00ed mismo debemos caracterizarnos por la hospitalidad, la sencillez, la sensibilidad femenina ante el sufrimiento, la preocupaci\u00f3n y dedicaci\u00f3n especial en la promoci\u00f3n cristiana de las familias, siempre en defensa de la vida, de la dignidad de la mujer y los ni\u00f1os y a la escucha de la voluntad del Padre, prontas a realizarla.<\/p><\/div><\/div><\/div><\/div>\n        \t\t<\/div>\n\t\t\t\t<\/div>\n\t\t\t\t\t<\/div>\n\t\t<\/div>\n\t\t\t\t\t\t\t<\/div>\n\t\t<\/section>\n\t\t\t\t\t<\/div>\n\t\t<\/div>\n\t\t\t\t\t\t\t<\/div>\n\t\t<\/section>\n\t\t\t\t\t\t\t<\/div>\n\t\t","protected":false},"excerpt":{"rendered":"<p>La Sagrada Familia \u00a0 El v\u00ednculo m\u00e1s fuerte de nuestra uni\u00f3n en el amor de Cristo es la Trinidad, verdadera y \u00fanica Familia.La Familia de Nazaret expresa, y pone a nuestro alcance esta forma trinitaria de vida; por eso nuestro Padre Fundador puso la Congregaci\u00f3n bajo la protecci\u00f3n de la Sagrada Familia y quiso que [&hellip;]<\/p>\n","protected":false},"author":1,"featured_media":0,"parent":0,"menu_order":0,"comment_status":"closed","ping_status":"closed","template":"page-elementor.php","meta":{"om_disable_all_campaigns":false,"inline_featured_image":false,"_monsterinsights_skip_tracking":false,"_monsterinsights_sitenote_active":false,"_monsterinsights_sitenote_note":"","_monsterinsights_sitenote_category":0},"_links":{"self":[{"href":"http:\/\/terciariascapuchinasafrica.org\/index.php\/wp-json\/wp\/v2\/pages\/9139"}],"collection":[{"href":"http:\/\/terciariascapuchinasafrica.org\/index.php\/wp-json\/wp\/v2\/pages"}],"about":[{"href":"http:\/\/terciariascapuchinasafrica.org\/index.php\/wp-json\/wp\/v2\/types\/page"}],"author":[{"embeddable":true,"href":"http:\/\/terciariascapuchinasafrica.org\/index.php\/wp-json\/wp\/v2\/users\/1"}],"replies":[{"embeddable":true,"href":"http:\/\/terciariascapuchinasafrica.org\/index.php\/wp-json\/wp\/v2\/comments?post=9139"}],"version-history":[{"count":10,"href":"http:\/\/terciariascapuchinasafrica.org\/index.php\/wp-json\/wp\/v2\/pages\/9139\/revisions"}],"predecessor-version":[{"id":9402,"href":"http:\/\/terciariascapuchinasafrica.org\/index.php\/wp-json\/wp\/v2\/pages\/9139\/revisions\/9402"}],"wp:attachment":[{"href":"http:\/\/terciariascapuchinasafrica.org\/index.php\/wp-json\/wp\/v2\/media?parent=9139"}],"curies":[{"name":"wp","href":"https:\/\/api.w.org\/{rel}","templated":true}]}}